
5, 41
Let w = -52 - -73. What are the prime factors of w?
3, 7
Suppose 0 = 5*l - m - 6015, -2*m = -3*l - 3*m + 3601. What are the prime factors of l?
2, 601
Let m(d) = 4*d**3 + 10*d**2 - 11*d + 85. What are the prime factors of m(7)?
2, 5, 11, 17
Let k = 5169 - 2536. List the prime factors of k.
2633
Let f = 440 + 786. What are the prime factors of f?
2, 613
Suppose 0 = -v - z + 99, -2*v + 186 = 30*z - 34*z. List the prime factors of v.
97
Suppose 8*i - 5*i = 99. Suppose i*m - 30*m + 6 = 0. Let o = m - -26. List the prime factors of o.
2, 3
Suppose -4*q + 816 = -q - 5*b, -2*b + 560 = 2*q. Let c = 396 - q. What are the prime factors of c?
7, 17
What are the prime factors of (10233/3)/(63/14 + -3)?
2, 3, 379
Suppose 25 = 8*x + 1. What are the prime factors of (-603)/(-15) + x*3/(-45)?
2, 5
Suppose 15*g - 19*g + 5936 = 0. What are the prime factors of g?
2, 7, 53
Let l(d) = d**3 + 7*d**2. Let n = 6 - 13. Let b be l(n). Suppose 0 = 4*s - 5*q - 14, 5*s - 5*q + b*q = 20. What are the prime factors of s?
2, 3
Let k(q) = 37*q**2 + 5*q - 9. What are the prime factors of k(3)?
3, 113
Let l(j) = 0 - 9*j + 2*j**2 - 2 + 9. Let k be l(11). Suppose -4*h - 5*n = -k, -4*h - 2*n + 182 = 38. What are the prime factors of h?
5, 7
Suppose -18 = -d - 4*d - 2*z, d - 3*z = -10. Let a be (-22)/(-8) + d/8. Suppose a*h + 16 = 5*h. List the prime factors of h.
2
Let y(v) = -v**3 - v**2 + 11*v - 3. Let m be y(-8). List the prime factors of ((-2)/(-6))/(17/m).
7
Suppose -2*t = -4, -a - 4*t + 23 = 2*a. Suppose 0 = 2*k + 5*z - 321, -5*k + 1007 = -a*z + 187. List the prime factors of k.
163
Suppose -2*p = -3*g + 8871 - 2116, -2*g + p = -4504. What are the prime factors of g?
3, 751
Let a = 2308 + -2098. List the prime factors of a.
2, 3, 5, 7
Let m(s) = s**2 + s + 24. Suppose 0 = -2*t + 4*q + 6 + 2, -2*t + 4 = -2*q. What are the prime factors of m(t)?
2, 3
Let o(f) = 6*f + 3*f + 83*f**2 - f**3 - 76*f**2. List the prime factors of o(5).
5, 19
Suppose 0 = -x - 3, 5*z + 5*x = 7473 - 1008. List the prime factors of z.
2, 3
What are the prime factors of ((-6)/8)/((-1)/(-1400)*-2)?
3, 5, 7
Suppose -5*o - l = -23, 3 - 2 = 4*o - 5*l. Suppose -o*t + 262 = 26. What are the prime factors of t?
59
Let d be (3/(-9))/((-1)/6). Let s be (-1)/(23/11 - d). Let t(x) = -x - 4. List the prime factors of t(s).
7
Suppose 5*p + 6084 = 4*n + 9*p, -4559 = -3*n - 4*p. What are the prime factors of n?
5, 61
List the prime factors of (4 + -5 - 5 - -5)*-687.
3, 229
Suppose 5*i + 34 = -2*k, -i + 2*k - 5 + 3 = 0. Let d(q) = -13*q - 61. What are the prime factors of d(i)?
17
Suppose -6*x = -x + 5*u - 20, u = 5*x - 26. Suppose -2*q - 4*s = -60, -x*s - 95 = -5*q - 4*s. What are the prime factors of q?
2, 5
Let t = -2227 + 3335. List the prime factors of t.
2, 277
Suppose -12*z + 1260 = -5*z. Suppose -3*p = -n + z, 168 = n + p - 0*p. What are the prime factors of n?
3, 19
Let u = 7 + -20. Let m(v) = 5 - v - 11 - 1. What are the prime factors of m(u)?
2, 3
Suppose 5*n - 749 = 3*m, 30*n - 4*m + 432 = 33*n. Suppose -4*h + 9*h = 20. Suppose -2*y = -h*y + n. List the prime factors of y.
2, 37
Let r(n) = -n**2 - 5*n - 3. Let g be r(-5). Let y be 6*(g + (-14)/(-4)). Let w = 9 - y. What are the prime factors of w?
2, 3
Let c(a) = -a**3 - 30*a**2 - 8*a - 34. List the prime factors of c(-30).
2, 103
Let z(c) = -105*c - 30. Let f = -28 - -25. List the prime factors of z(f).
3, 5, 19
Let s(p) = 140*p + 466. List the prime factors of s(9).
2, 863
Let j(s) = 117*s + 38. List the prime factors of j(6).
2, 5, 37
Suppose 0 = 25*s - 1215 - 660. Let z be 1/(2 - (-69)/(-35)). Suppose -a + 3*v + v + z = 0, -a + s = 4*v. List the prime factors of a.
5, 11
Let o = 9 - 7. Let k(a) = 145*a - 3. List the prime factors of k(o).
7, 41
Suppose -16435 = -3*q - 4*l, 4*q - 80*l = -81*l + 21896. What are the prime factors of q?
13, 421
Let h(i) = 10*i**2 - 7*i - 40. List the prime factors of h(13).
1559
Suppose -5*u = 274 - 29. List the prime factors of u/(-5) - 5/(-25).
2, 5
Let r be (-5)/(-4 - 3/(-2)). Suppose 3*o - 5*f - 52 = -180, r*f = 4*o + 152. What are the prime factors of 310/6 + (-12)/o?
2, 13
Let m = -45 - -365. What are the prime factors of m?
2, 5
Let j(z) = z**2 - 12*z + 2. Let y be j(4). What are the prime factors of (-2 - 8/(-6))*y?
2, 5
Suppose 0 = 4*x - k + 109, -4*x - 6*k - 84 = -2*k. Let i(y) = -36*y**3 + y**2. Let h be i(-1). Let m = x + h. List the prime factors of m.
11
Suppose 5*n - 2*n - 39 = -5*m, 3 = n + 5*m. Suppose 3*y = -0*y + n. List the prime factors of y.
2, 3
Let w(q) = 4*q**3 + 5*q**2 + 5*q + 6. Let t be w(-3). Let s = -45 - t. What are the prime factors of s?
3
Suppose 18 = d - 4*i, 0*i + 15 = d - 3*i. Let f(g) = g**3 + 8*g**2 + 3*g + 15. Let c be f(-8). What are the prime factors of c/d - 91/(-2)?
2, 11
Let g(s) = 3*s - 3. Let k(p) = -p + 1. Let h(v) = -g(v) - 4*k(v). Let w be h(5). Let c = 17 + w. List the prime factors of c.
3, 7
Suppose -3*z + 2*q = -5238, -q - 342 = -2*z + 3150. List the prime factors of z.
2, 3, 97
Let g = -23 - -40. Let x be 32/g + (-10)/(-85). Suppose -x*v = -7*v + 255. What are the prime factors of v?
3, 17
What are the prime factors of (-12)/28 + -1*(-4250)/35?
11
What are the prime factors of (36/8 - 6)*(-2832)/9?
2, 59
Let l(m) = m**2 - 9*m + 16. Suppose 14 = -d + 5*r, 3*d - 2*d = -3*r + 18. Let j be l(d). What are the prime factors of (-244)/32*j*4?
61
Suppose -6 - 18 = s. List the prime factors of s/((-141)/45 + 3).
2, 3, 5
Suppose 3*m + m = 3*h + 794, -253 = h + m. List the prime factors of (h/4)/(7/(-42)*3).
3, 43
Let a(h) = 738*h + 21. List the prime factors of a(1).
3, 11, 23
List the prime factors of (33/(-2))/((-24)/176).
11
Let j(n) = -18*n + 16. Suppose z - 7*g - 31 = -2*g, 5*z - 2*g = 63. Let m be j(z). List the prime factors of m/(-21)*(-3)/(-2).
13
Suppose 3*j = 3*y + 4455, 5965 = -5*j + 9*j + y. What are the prime factors of j?
2, 5, 149
Let f(o) = 641*o**3 + 5*o**2 + 2*o - 2. What are the prime factors of f(1)?
2, 17, 19
Suppose 164 = -4*z + 8*z. Let i = z - 24. List the prime factors of i.
17
Suppose 0 = -4*b + 28. Suppose -2*h = -2, 2*y + 2*h - 3 = b. Suppose 0 = y*j - 5*j + 18. What are the prime factors of j?
2, 3
Let o(i) = i**3 - 3*i**2 + 4*i + 1. Let a be o(3). Suppose 5*x - 20 = -3*f, 0 = -5*x - f + 17 + a. Suppose -2*j + x*j - 90 = 0. What are the prime factors of j?
2, 3
Suppose -25 + 144 = 17*b. List the prime factors of b.
7
Suppose 28 = -13*o + 20*o. Let j(h) = 16*h**2 - 4*h. Let c be j(3). List the prime factors of o/(-6) - c/(-9).
2, 7
Let b(y) = -16*y - 8. Let z be b(-7). Suppose -2*k = -3*j + z - 36, -3*k = j - 19. Suppose 2*s + j = 3*s + 3*d, -s = -d - 38. List the prime factors of s.
2, 17
Suppose 3*b - 2100 = 666. Suppose 7*z - 681 = b. List the prime factors of z.
229
Let c = 736 - -1532. List the prime factors of c.
2, 3, 7
Let d(r) = r + 1. Let n(p) = 2*p**2 + 3*p + 7. Let i(x) = 4*d(x) - n(x). Let h be i(-3). List the prime factors of ((-42)/(-8))/(h/(-128)).
2, 7
Suppose 0 = 4*w - 8*w. Suppose x - 6*x + 30 = w. List the prime factors of x.
2, 3
Let v(i) be the third derivative of 5*i**7/1008 - i**6/720 + i**5/20 + i**2. Let c(t) be the third derivative of v(t). What are the prime factors of c(1)?
2, 3
Let z(a) = 126*a + 2445. What are the prime factors of z(0)?
3, 5, 163
Let g = -199 - -204. What are the prime factors of g?
5
Suppose 0 = -u + r, 5*u - 2*r - 8 = 4. Let a be -4 - (-32)/(8 - u). Suppose -231 = -a*c - 51. What are the prime factors of c?
3, 5
Suppose 0 = -4*c - 126 + 718. Let t = -77 + c. List the prime factors of t.
71
Let j = -191 + 350. What are the prime factors of j?
3, 53
Let o(s) = -2*s**3 - 3*s**2 + 5*s. Let b = -10 - -6. Let i be o(b). Suppose 5*c = -0*c + i. List the prime factors of c.
2, 3
Suppose 2*d - 38 = i + 3*i, -3*d - 6 = 3*i. Let n = 10 + i. Suppose -11 = -n*l + 19. List the prime factors of l.
2, 5
Suppose -10644 = -36*t + 33*t. List the prime factors of t.
2, 887
List the prime factors of 4458*8/(-24)*-2.
2, 743
Suppose -2*o - 32 = -5*v - 0*v, -4*o + v - 28 = 0. Let c be (1*6)/(o/(-4)). Suppose 3*a - 2*g = -a + 112, -112 = -c*a + 5*g. What are the prime factors of a?
2, 7
Suppose -3 = k, 4*k + 9 = 4*c + k. Suppose 26 = b - c*b. List the prime factors of b.
2, 13
Let v be (5 - 2) + -5 - -7. Let k = -6